. Let c(z) = -4*z + 3. Let i(j) = -20*j + 14. Let f(v) = w*i(v) + 14*c(v). Let t be f(1). What is the highest common factor of t and 40?
4
Let y(l) = -18*l - 1. Let o be y(-2). Let u(r) = 11*r**2 - 4*r + 12. Let v be u(2). Suppose -v = -8*k + 64. Calculate the greatest common divisor of k and o.
7
Let z(x) = -8*x - 62. Let c be z(-10). What is the highest common divisor of c and 117?
9
Let d = -74 - -45. Let o = 46 + d. Suppose -p = t - 158, 0*p + 637 = 4*p + 5*t. Calculate the highest common factor of o and p.
17
Suppose a + 5*p = 12, 2*a + 7 = 2*p + 79. What is the greatest common factor of a and 72?
8
Suppose z + 7*n - 3*n = 53, 0 = 5*z + 5*n - 280. What is the greatest common factor of 19 and z?
19
Let y be 6/(-30) + 101/5. Let i = y - 14. Calculate the greatest common divisor of i and 18.
6
Let w(h) = -h**3 + 6*h**2 - 5*h + 3. Let r be w(2). Calculate the highest common divisor of 15 and r.
3
Let g = 9 + 34. Suppose 107 + g = 3*p. Calculate the highest common factor of 10 and p.
10
Let q = -121 + 136. Let n(h) = h**3 - 15*h**2 + 4*h - 20. Let v be n(q). Calculate the greatest common divisor of v and 5.
5
Suppose 24*j = 19*j. Suppose q + j*q + 4*r = 2, 2*r - 6 = -3*q. Suppose -56 = -q*w - 2*w. What is the greatest common divisor of 70 and w?
14
Suppose 0 = -5*j + o - 2*o + 135, 0 = -5*j + 4*o + 160. Calculate the greatest common divisor of j and 140.
28
Let g(a) = 198*a**2 - 1. Let w be g(-1). Suppose 12*m - 43 - w = 0. What is the highest common divisor of m and 8?
4
Let q be ((-3822)/(-65))/((-8)/(-20)). Suppose 25 = 4*a - 59. Calculate the highest common divisor of q and a.
21
Let d(c) be the second derivative of 83*c**5/20 + c**2/2 - 2*c. Let o be d(1). Suppose -9*f + 150 = 42. What is the highest common divisor of f and o?
12
Let d = 58 - 51. Let y = 9 + 68. What is the greatest common divisor of d and y?
7
Let k(z) = z**3 - 4*z**2 - 4*z. Let y be k(5). Let b = 8 - y. Suppose -6*q + 11*q - 120 = 0. Calculate the highest common factor of b and q.
3
Let g(s) = 4*s - 4. Let t be (-6)/15 - (-132)/5. Suppose -4*w + 3*a - 5 = -3*w, 2*a = -5*w + t. Let u be g(w). What is the greatest common factor of 60 and u?
12
Let n(t) = t**2 + 14*t + 22. Let k be n(-13). Suppose 0 = -16*m + 24*m - 1368. Calculate the highest common factor of m and k.
9
Let a be 14256/154*28/6. What is the greatest common factor of 27 and a?
27
Suppose -123 = -2*l - 9. Suppose -2*d = m + 5, 4*m + 860*d + 4 = 856*d. What is the highest common divisor of l and m?
3
Suppose -7*b + 22 + 48 = 0. Let c(v) = -5*v + 12. Let u be c(2). What is the highest common divisor of b and u?
2
Suppose 56*k = 34*k + 13816. What is the greatest common divisor of k and 4?
4
Let t be (-3)/15 + 5 + 405/25. What is the greatest common divisor of 27 and t?
3
Let v be (-4)/(-10) - 46/(-10). Suppose 3*u + 19 = v*x, -3*u - 20 = -2*x - 7. Let f be (5 - 2 - -27) + x. What is the greatest common divisor of f and 4?
4
Let w = 283 - 479. Let s be (-7 - -4)/(12/w). Calculate the highest common factor of s and 21.
7
Let g(q) = 2*q**3 - 3*q**2 - 4*q + 2. Let w be g(3). Suppose 0 = -9*t + 19 + w. Let s be 219/5 - (-1)/5. Calculate the greatest common divisor of s and t.
4
Let o = 293 + -216. What is the greatest common factor of o and 11?
11
Suppose 424 + 3140 = 12*a. Calculate the highest common factor of a and 495.
99
Let t be (-5632)/112 + (-1)/(14/(-4)). Let u be t*16*6/(-60). What is the highest common factor of 16 and u?
16
Let g(q) = 53*q**2 + 2*q + 3. Let b be g(-1). Let u = b + -52. Calculate the greatest common factor of u and 18.
2
Let o = 38 + -66. Let k be (-1028)/o + 4/14. Suppose 4*s - 1407 = 221. Calculate the greatest common factor of s and k.
37
Let t be 2/(-2)*0 - (18 + -18). Suppose n + 3*u = 33, -5*u + t*u = 3*n - 79. What is the highest common divisor of 144 and n?
18
Let f be 327/9 + 1/(-3). Let v be 3/(-3*5/60). Let w be 3/(3/v + 2 + -1). Calculate the greatest common factor of w and f.
4
Suppose -2*f - 2358 = -4*r, 4*r - 2364 = 5*f - 9*f. What is the highest common divisor of r and 10?
10
Let z be ((-72)/(-20))/(6/20). Let b(n) = -n**3 + 11*n**2 + 13*n - 7. Let j be b(z). What is the highest common divisor of 5 and j?
5
Let h(k) = 32*k - 196. Let p be h(14). What is the highest common divisor of 112 and p?
28
Let p = 9 + -6. Let h = -8 - -2. Let a = -4 - h. Calculate the highest common factor of p and a.
1
Suppose -a + 13*c - 18*c = -800, 5*c = -5*a + 4000. Calculate the highest common divisor of a and 25.
25
Let k(d) = 25*d + 2. Let u be k(1). Suppose 0 = 3*c - 191 - 214. What is the greatest common factor of c and u?
27
Let l be (-6)/(-18)*(351 + 0). Let t be 66*(-5)/(45/6). Let p = -31 - t. Calculate the greatest common divisor of l and p.
13
Let v be 40/(-6) - 4/(-6). Let s = -2 - v. Suppose -148*t + 161*t = 52. Calculate the greatest common factor of t and s.
4
Let g be ((-58)/(-8) - 1)*(-1 - -69). What is the highest common factor of g and 50?
25
Suppose 0 = 166*c - 165*c - 450. Calculate the greatest common factor of c and 50.
50
Let z = -1889 + 1959. Calculate the greatest common factor of z and 3710.
70
Suppose 4*w = w + 24. Let h be (16/(-12))/(w/(-684)). Suppose -1354 = -4*i - h. What is the greatest common divisor of i and 31?
31
Suppose -3*d = 11 + 4, d - 96 = -w. Let g = w + -76. What is the greatest common divisor of g and 125?
25
Let m be (-4 + 11)*(8/2 - 3). What is the highest common divisor of m and 434?
7
Let d be 25/10*112/20. Suppose -28 = -22*k + 20*k. Calculate the greatest common divisor of d and k.
14
Suppose -4*l + 168 = -2*o, l - 3*o = o + 28. Calculate the greatest common factor of 176 and l.
44
Let c = -2184 + 2607. Calculate the highest common factor of 9 and c.
9
Suppose -w = j - 44, 5*w + 5*j - j - 215 = 0. Suppose 2*p - 6 = -0. Suppose 8*n = p*n + 780. Calculate the highest common divisor of n and w.
39
Let c = 13318 - 9104. What is the greatest common factor of 86 and c?
86
Let a(s) = 0*s + 0 + 9*s + 3 - 2. Let l be a(1). Let z be ((-375)/(-20))/(3/8). What is the highest common divisor of z and l?
10
Let s(j) = -j**3 + 4*j**2 + 7*j - 7. Let k be s(5). Let v be ((-406)/28)/(2/(-4)). Suppose -d + k = -v. Calculate the greatest common factor of d and 32.
32
Suppose 0 = 6*b - 12. Suppose b*u + 3*p - 159 = 0, 4*u = 3*u + 2*p + 90. Calculate the greatest common factor of u and 24.
12
Suppose 4*c - 46 = 110. What is the greatest common divisor of c and 1092?
39
Suppose -12*j + 996 = -9*j. What is the highest common divisor of 83 and j?
83
Let w be 0 - (-1)/(-2)*4. Let l(i) = -20*i - 5. Let d be l(w). Suppose 42 = -4*p + 7*p. Calculate the highest common divisor of d and p.
7
Suppose 0 = -2*r - 2*s + s + 55, 2*r + 5*s = 51. Calculate the highest common divisor of 4 and r.
4
Let p be 187/77 + (-6)/14. Suppose -6*v + 60 = -p*v. Let m(x) = x**3 + 14*x**2 - 3*x + 3. Let z be m(-14). What is the greatest common factor of v and z?
15
Suppose 375 = -15*x + 660. Calculate the greatest common divisor of x and 19.
19
Suppose -16 = -5*w - 1. Let t be w - (0 - -6) - -4. Calculate the highest common divisor of t and 7.
1
Let v = -1128 + 1212. Calculate the highest common divisor of v and 630.
42
Suppose 0 = 10*l - 97 - 143. Let p = 11 - 62. Let y = 75 + p. Calculate the greatest common factor of l and y.
24
Let y(o) = -39*o - 5. Let q(z) = -39*z - 4. Let w(x) = 3*q(x) - 2*y(x). Let d be w(-6). Calculate the highest common divisor of d and 29.
29
Suppose b = 2*q - 76, 3*q + 0*q + 2*b - 107 = 0. What is the highest common factor of q and 592?
37
Let q(a) = a + 60. Let s be q(0). Suppose 3*o - 3 = 5*w, -5*w - 3 = o - 4. Suppose w*u = u - 15. Calculate the greatest common factor of u and s.
15
Let t = -50 + 138. What is the greatest common factor of t and 22?
22
Let n be 3/2*(-2)/(-12)*20. Suppose 2*i - 2 = 0, 0*h + 33 = h - n*i. What is the greatest common divisor of 38 and h?
38
Let n be ((-2)/(-3))/(8/(-60)). Let g(p) = -p**2 - 6*p - 3. Let y be g(n). Calculate the greatest common divisor of 16 and y.
2
Let q = 2 - -14. Suppose -q*w + 10 = -11*w. Suppose 2*b = 4*m + 15 + 11, 0 = -w*b - m + 11. What is the greatest common factor of 21 and b?
7
Let z(l) = l**3 - 33*l**2 - 32*l - 55. Let w be z(34). What is the highest common factor of 871 and w?
13
Suppose 19*a + 1202